 - (23 - 40) - 22) - -9.
40
What is 37 + (1 - 69 - (241 - 261))?
-11
What is 1 - (-722 + 706 + (1 - -115))?
-99
What is the value of 0 + (7 - 23) + (-14 - (-33 + -1))?
4
What is the value of (-7 - 0) + 118 + (24 - 119)?
16
What is the value of 2 - (-1 + -10) - (47 - 26) - -28?
20
95 + -95 + (2 - -10) + -3
9
Evaluate (54 - 48) + (-5 - -21) + 12.
34
What is 33 + (2 - -77 - 79)?
33
What is the value of 605 + -600 - (46 - (5 - 3))?
-39
What is -6 + 26 + 18 + -50 + 74?
62
Calculate (50 - -6) + (277 - 310).
23
(-53 + 78 - -59) + -18
66
(-181 - 185) + 360 + (-1 - (39 + -1))
-45
49 + (59 + -41 - 52)
15
16 - (11 - ((-30 - -17) + -16))
-24
Evaluate 1 - (-86 + (-81 - -93) + -1 + -10).
86
(43 - (57 + 41)) + 21
-34
Calculate -17 + 50 + -15 + 7 - (6 - 2).
21
Calculate -8 - ((42 - 30 - (-17 - -8)) + -92).
63
Evaluate -11 + (1 - -5) + 14 + (-223 - -160).
-54
Calculate (6 - 12) + -6 - (-12 + -1 - (-3 + -10)).
-12
What is 24 - 118 - (-7 + -1) - (23 + (11 - 19))?
-101
What is the value of 357 + -329 - (-1 + -36)?
65
Calculate 5 + (4 + -13 - 96) + 5 - (-4 + -6).
-85
What is (111 - 150) + 60 - -77?
98
What is the value of (24 + (-17 - 7) - -34) + -18?
16
What is the value of 15 + 0 + (85 - 114)?
-14
What is (-1 - 30 - -16) + (3 + -6 - 47)?
-65
Calculate 8 - (14 - 15 - ((-7 - 8) + 5)) - 54.
-55
8 - ((-126 - -147) + (-3 - 3))
-7
Calculate 8 + (-13 - -8 - -9 - 32) + -5.
-25
Evaluate 20 - (-21 - -4 - -36 - 6).
7
Evaluate 3 + (3 - 1) + (-17 - -9).
-3
What is -12701 + 12759 - (-2 - -156)?
-96
What is 1214 + -1187 + -20 + -2?
5
Calculate (-55 - (-16 + 20 + 7)) + (29 - 30).
-67
What is the value of (-18 - 4) + 107 + -107 + -3 + 8?
-17
Calculate -9 + 13 + 8 - -47 - -12 - -24.
95
What is (-32 - (18 + (22 - 33))) + 21?
-18
What is the value of (-1 + -40 - (-70 - -72)) + 1?
-42
What is the value of 17 - (9 - (17 - (6 + -25)))?
44
(-4 - -1 - 1) + (56 - 129)
-77
What is -37 + 18 + -105 - 20 - -6?
-138
Evaluate -29 - (-68 + 9 + (-52 - -31)).
51
Evaluate 4 + -1 + -10 - (-23 + (5 - -17) - 68).
62
What is -19 + (2 + 42 - 77)?
-52
Evaluate -51 - (-54 + -15) - 33.
-15
Evaluate -627 + 643 - ((0 - 8) + (19 - -146)).
-141
What is (2142 - 2156) + (-137 - 1)?
-152
What is the value of 43 - 23 - -8 - 37 - -85?
76
40 + -53 + 76 - 42
21
What is the value of 57 - (-13 + 23 + (1 + -7 - -1))?
52
82 + -63 - (-5 + 12 + -5)
17
Evaluate 33 - (-6 + (6 - (12 + -6)) - (-35 + 31)).
35
What is -70 + 140 + -72 + 10?
8
What is 232 + -230 - (-86 - (0 + 0) - (8 - 4))?
92
Calculate -4 + (5 - (-3 - 11)) - (-5 - (24 - 6)).
38
22 + -33 + -24 - 15 - (-3 - 0)
-47
Calculate -3 + 75 + -43 - -9.
38
Evaluate -1 - (-5 + 5 + 1 - (15 + 7)).
20
Evaluate -8 - 5 - ((-132 - (-16 - -4)) + (-1 - 2)).
110
What is the value of (-31 - -14) + -4 + (74 - (-16 + 4))?
65
(66 - (-70 - -135)) + (-3 - (-1 - -2))
-3
What is the value of 16 - -19 - (54 + -18 + -6)?
5
Evaluate -5 - ((30 - (-51 + 116)) + 1 + 2 + 1).
26
Evaluate -12 - (20 + -11 - ((6 - 12) + 6) - 85).
64
What is -55 + (20 - 12 - 24) + 30?
-41
Evaluate -297 - -246 - (1 - -8 - (-13 - (-23 - -9))).
-59
(-6 - -8) + (3 - (-13 - 11 - -4))
25
What is the value of (-2 - 0) + (203 + -197 + (1 - -17) - 91)?
-69
What is (-151 + 53 - (1 + 0 - 22)) + -14?
-91
Evaluate 50 + (-26 - -23) + (-11 + 0 - -12).
48
Evaluate (4 - -42) + (1 + -6 - (10 - 11)).
42
-14 - (14 - (11 + -21 + 40))
2
What is 113 - ((0 - -10 - (-80 - -84)) + 11 - 13)?
109
What is -23 - 0 - -2 - (-164 + 164 - (0 - 5))?
-26
What is the value of 42 - (-8 + 17 + -34 + 21 - -3)?
43
-8 - ((1 - 125) + (-68 + 53 - -23))
108
Evaluate -47 + (0 - (0 - 2) - (386 - 386)).
-45
Evaluate 4 - ((-1 - (14 - 12)) + -4 + (6 - 3)).
8
-2631 - -2585 - (0 + -38)
-8
What is the value of -1 + 8 + 4 - (11 - 2 - (-17 + 20))?
5
Calculate -5 + 2 + -15 + 10 - 8.
-16
Calculate 38 - (-13 - (-73 + 32)).
10
Evaluate -56 - (-15 - (3 - 4 - (32 + -29))).
-45
45 - (13 + 26) - 16
-10
Calculate -6 + 0 + 16 + 0 + (38 - 37) + 43.
54
What is 39 - (-25 + (11 - -9) + (-13 - -5))?
52
Evaluate (-22 - -22) + -13 - -64.
51
What is the value of 349 - 408 - (-8 + 0)?
-51
(-20 + 30 - (-1 + -2)) + -3 + -194 + 257
73
Calculate (10 - 1) + (-38 - -58 - 0).
29
Evaluate 11 + 2 - (7 + -5 - (186 + -216)).
-19
What is 11 + (1 - (8 - 11) - (22 + -18))?
11
Evaluate -10 + 140 + -77 - 110.
-57
Calculate 12 + (-72 - -105) - 70.
-25
What is -19 - (-3 + -1 - (228 - 168))?
45
What is the value of 7 + 54 + -42 + 11 + (-95 - -7)?
-58
What is the value of 4 + (3 - 7) - 1 - (582 + -587)?
4
What is the value of -33 + 3 + (382 - 379)?
-27
Calculate -63 + 16 + 152 - 46.
59
Calculate -169 + 195 - (7 + 32).
-13
Calculate -2 + 3 + (-1 - 7) + 12 + -18 + 47.
34
Calculate -3 + 12 - (59 - (-27 + 57)).
-20
(-66 - -4) + (56 - 4)
-10
What is the value of 104 + -58 - 40 - -7?
13
Evaluate 93 + 138 + (-317 - -40).
-46
What is the value of 4 + 1 - (46 + (5 - 1) + 94 + -101)?
-38
0 + (-6 - (2 + -6) - -4 - 7) - -2
-3
Calculate 11 - (-3 - 0) - 22 - 2 - 3 - -66.
53
(-42 - 38) + 186 + -109
-3
Calculate -2 + 13 - (-1434 - -1478).
-33
What is the value of (2 - (2 - -12)) + -1 + -326 + 326?
-13
Calculate 9 + -10 + -3 + 64 + -55.
5
Calculate 103 + (25 - (-18 - -8)) - (14 + -3 + 2).
125
Calculate 0 - (3 - (5 - 16) - 5) - (-68 + -1).
60
What is the value of (68 - (1 + -3) - 1) + -4123 + 4115?
61
Calculate 2 - 13 - ((2 + 2 - 7) + -10).
2
Calculate -101 - (-23 - (18 + -23) - (0 + -10)).
-93
Evaluate 10 - (17 + -2 - (-1123 + 1093)).
-35
What is (-77 - -52 - -3) + (30 - -5)?
13
Evaluate (3 - -1 - (-18 + -3)) + (25 - 101 - -75).
24
-28 + (0 - (26 - 85 - 30))
61
Calculate -22 + 6 - (222 + -261).
23
What is the value of -10 - -17 - 3 - -8 - (-14 + 120 + -1)?
-93
Calculate (115 - (-162 - -255)) + (-1 + 4 - -39).
64
Evaluate -39 + 26 - ((-11 - -6) + 19).
-27
What is the value of (45 - 19) + (-3 + 7 - 4) - -10?
36
Calculate 10 + -3 + -3 + (-102 - -112) + 1 + -44.
-29
Calculate -1285 + 1308 - (26 - (2 + -3)).
-4
-6 + (-8 - 8) + (18 - (2 + 28))
-34
What is (147 - 171) + (61 - (6 + 3))?
28
Calculate -9 + -8 + 75 + -31 + 5.
32
What is 57 + -1 + (41 + -27 - 25)?
45
(5 - 6 - -46) + -24 + 27
48
What is -57 - (-86 - -10 - -55)?
-36
What is the value of (-77 - -174) + -111 - (-2 + 3 - 69)?
54
What is the value of (-4937 - -4947) + 54 + (0 + 0 - -1)?
65
What is -17 - (-11 + 3 + -9 + -36)?
36
(87 - 96) + 1 + -4 + -21 + 63
30
Calculate (-1 - -57) + (6 - -2) + (-3 - 2) + 12.
71
What is -1 + (3 - 0 - (178 - 188)) + -99 + 7?
-80
Calculate 228 + (-27 - 124) - (-1 + 11).
67
Calculate -59 + -3 - -47 - (-9 + -1).
-5
Evaluate -83 + 4 - -91 - (45 - -1).
-34
Calculate -87 + 61 - (-4 - -34).
-56
-46 + (-6 - -53) - 41
-40
Evaluate -33 + -101 + 124 + 144.
134
What is 1 + -16 - (6 + -55) - -8?
42
(-112 - -79 - 62) + 60
-35
Evaluate (35 - (46 - 21)) + -9 + 2.
3
What is the value of -6 + -8 + 19 + (-2 - 16)?
-13
What is 3 - -67 - -1 - (19 + -3 - 2)?
57
What is the value of 8 - (-10 - -2) - 59 - -11?
-32
What is (1 - -52) + (-9 - -7 - 3) + (-22 - -26)?
52
Evaluate -1 + 51 - (-21 - -23 - (-17 - -4)).
35
What is 3 + 2 + -3 + -5 + (22 + -33 - -31)?
17
What is the value of 4 + 6 + -16 - -5 - (480 + -483)?
2
Evaluate -4 - (10 + -9 + (2 - 0) + -15 - -110).
-102
Calculate -25 + (29 - 55 - -100).
49
Calculate -49 + 20 + (-11 - (16 - 18)) - 12.
-50
What is the value of 1583 - 1573 - (1 + 2) - -96?
103
Calculate 10 + (-71 + 16 - -15 - (1 + 4)).
-35
What is the value of 52 + -47 + 40 + 5?
50
What is the value of (-22 - 61 - -81) + (1 - -1 - -7)?
7
What is the value of -7 + (-57 + 63 - (10 - -1) - 0) - -9?
-3
What is 2 + -37 - ((-27 - -39) + -16 + -3 + 16)?
-44
Calculate -17 + 37 - (7 + (1 + -7 - (-4 + 5))).
20
133 + (42 + -48 - 63)
64
Evaluate -1 + -1 + 74 + 3 - (80 - 66).
61
What is the value of -48 + (-57 - (-95 + 50))?
-60
-18 + -2 + (2 - 1) - (1261 + -1345)
65
What is the value of (-13 - 2) + (-4 - -1) + -83 + 77?
-24
What is the value of (76 - (94 - 47)) + (19 - -13)?
61
What is (-5 + 20 - (29 - 14)) + 8?
8
49 - (11 + 5 - (-5 - (17 + -28)))
39
What is -18 + (1 - 10) + 8 + -3 + -1 + -2?
-25
Evaluate -102 + (123 - 84) + 76.
13
What is the value of 2 + 4 + (102 + -157 - -119) + 7 + 2?
79
What is -11 - (26 + 65 + -77 + 1 + 54)?
-80
-44 + (8 + 6 + 11 + -13 - 21) - -14
-39
What is the value of (-222 - -238) + 0 + -31?
-15
-9 - -77 - (-22 - -45) - 12
33
Calculate (15 - 